NOAA-Style Climate Reports


Report for 2022 January
                   MONTHLY CLIMATOLOGICAL SUMMARY for Jan 2022


NAME: NA7KR Salem Oregon                  
ELEV: 327 feet    LAT: 44-53.22 N    LONG: 123-00.92 W


                   TEMPERATURE (F), RAIN (in), WIND SPEED (mph)

                                         HEAT   COOL         AVG
      MEAN                               DEG    DEG          WIND                   DOM
DAY   TEMP   HIGH   TIME    LOW   TIME   DAYS   DAYS   RAIN  SPEED   HIGH   TIME    DIR
---------------------------------------------------------------------------------------
 01   30.7   48.6  13:54   22.5  02:23   34.3    0.0   0.00    0.5    4.0  09:44     31
 02   42.6   50.2  18:13   29.8  00:11   22.4    0.0   0.06    3.9   15.0  16:39    208
 03   39.8   47.0  00:17   35.1  16:43   25.2    0.0   2.11    2.8   16.0  04:03    218
 04   41.5   45.5  22:59   37.0  00:35   23.5    0.0   0.38    2.4    8.0  03:02    203
 05   44.3   52.9  23:54   41.5  11:34   20.7    0.0   0.38    1.1    9.0  23:36    199
 06   53.1   55.2  11:12   49.6  23:57   11.9    0.0   0.17    4.2   13.0  16:04    209
 07   45.7   52.1  14:50   40.2  23:24   19.3    0.0   0.18    3.9   18.0  07:07    226
 08   42.2   57.1  15:05   33.8  23:33   22.8    0.0   0.02    1.2    6.0  11:55    204
 09   39.9   59.6  14:03   30.4  06:57   25.1    0.0   0.00    1.0    5.0  12:28    293
 10   38.2   46.5  14:14   30.9  03:06   26.8    0.0   0.05    0.8    4.0  05:47    299
 11   50.6   56.5  20:26   41.8  00:00   14.4    0.0   0.03    2.1    8.0  21:00    212
 12   52.2   63.4  14:23   43.0  20:57   12.8    0.0   0.00    2.3    8.0  03:37    217
 13   48.9   50.2  11:48   46.1  23:41   16.1    0.0   0.12    2.3   11.0  09:25    203
 14   44.3   55.2  15:40   36.5  23:56   20.7    0.0   0.02    0.9    6.0  15:08    348
 15   37.2   40.3  11:41   32.6  04:45   27.8    0.0   0.00    0.9    5.0  20:09    359
 16   39.4   53.0  15:26   35.9  08:03   25.6    0.0   0.00    1.0    5.0  09:54    345
 17   38.0   43.1  14:04   35.8  08:24   27.0    0.0   0.00    1.1    4.0  00:01    208
 18   45.2   52.3  15:10   38.1  01:42   19.8    0.0   0.02    1.7    6.0  04:13    209
 19   50.5   53.1  23:59   47.2  01:09   14.5    0.0   0.13    1.8    8.0  16:42    201
 20   50.8   58.8  14:47   39.3  23:53   14.2    0.0   0.04    2.2    9.0  13:46    235
 21   41.8   48.9  12:24   36.4  06:40   23.2    0.0   0.01    2.4   10.0  16:10     21
 22   42.4   56.7  14:56   34.2  23:46   22.6    0.0   0.00    2.3    8.0  04:34     22
 23   36.0   48.4  13:33   29.3  07:12   29.0    0.0   0.00    1.0    4.0  10:03    143
 24   34.0   41.3  13:10   28.2  02:11   31.0    0.0   0.00    1.4    6.0  16:44     22
 25   38.7   59.2  13:22   27.7  07:48   26.3    0.0   0.01    1.2    7.0  12:32     28
 26
 27
 28
 29
 30
 31
---------------------------------------------------------------------------------------
      42.8   63.4     12   22.5     01  556.9    0.0   3.73    1.9   18.0     07    217