NOAA-Style Climate Reports


Report for 2022 September
                   MONTHLY CLIMATOLOGICAL SUMMARY for Sep 2022


NAME: NA7KR Salem Oregon                  
ELEV: 327 feet    LAT: 44-53.22 N    LONG: 123-00.92 W


                   TEMPERATURE (F), RAIN (in), WIND SPEED (mph)

                                         HEAT   COOL         AVG
      MEAN                               DEG    DEG          WIND                   DOM
DAY   TEMP   HIGH   TIME    LOW   TIME   DAYS   DAYS   RAIN  SPEED   HIGH   TIME    DIR
---------------------------------------------------------------------------------------
 01   74.3   98.3  14:54   54.0  06:41    0.0    9.3   0.00    0.6    3.0  00:01     11
 02   71.8   97.8  14:20   58.4  06:30    0.0    6.8   0.00    1.2    8.0  18:00    279
 03   69.3   83.6  16:27   60.0  00:06    0.0    4.3   0.00    1.3    5.0  11:16    219
 04   69.8   91.0  14:22   54.3  06:54    0.0    4.8   0.00    1.6    8.0  17:17    256
 05   71.5   89.8  13:28   55.0  06:57    0.0    6.5   0.00    1.3    6.0  14:25     13
 06   73.2   96.1  14:34   53.6  06:48    0.0    8.2   0.00    0.6    3.0  10:01      6
 07   74.0   96.0  14:45   57.9  23:58    0.0    9.0   0.00    0.9    5.0  15:32      8
 08   67.6   89.1  15:33   46.9  07:04    0.0    2.6   0.00    0.9    4.0  13:52     15
 09   73.3   98.8  13:43   50.7  06:55    0.0    8.3   0.00    0.8    5.0  16:13     23
 10   75.2   94.9  14:43   62.0  01:07    0.0   10.2   0.00    0.6    6.0  21:39    300
 11   71.0   89.4  14:19   60.6  06:36    0.0    6.0   0.00    0.9    5.0  18:09    274
 12   66.2   80.1  14:41   60.2  07:42    0.0    1.2   0.01    1.2    6.0  13:13    226
 13   65.8   78.7  12:15   59.3  01:12    0.0    0.8   0.00    0.7    5.0  17:03    296
 14   66.7   81.1  14:55   59.8  07:04    0.0    1.7   0.00    0.9    6.0  20:34    306
 15   64.3   78.1  11:35   60.1  07:10    0.7    0.0   0.00    0.7    3.0  07:57    288
 16   65.8   83.8  14:28   55.3  23:51    0.0    0.8   0.00    0.9    4.0  13:31     10
 17   62.4   80.2  13:28   49.5  06:50    2.6    0.0   0.00    0.7    4.0  12:46      7
 18   66.4   87.4  13:39   55.4  04:55    0.0    1.4   0.00    0.7    4.0  11:30    354
 19   67.2   87.7  13:08   52.2  06:55    0.0    2.2   0.00    1.1    6.0  15:26    209
 20   67.7   90.8  14:05   53.7  04:22    0.0    2.7   0.00    1.2    8.0  19:46    238
 21   64.3   76.2  15:44   57.2  03:07    0.7    0.0   0.00    1.9    7.0  16:11    221
 22   63.6   74.2  15:01   54.7  23:56    1.4    0.0   0.00    2.0    7.0  10:04    227
 23   63.7   83.5  14:51   47.3  07:01    1.3    0.0   0.00    0.7    4.0  13:14      6
 24   67.4   89.5  13:41   50.3  07:06    0.0    2.4   0.00    0.7    4.0  10:12     16
 25   63.3   89.1  12:53   51.8  06:58    1.7    0.0   0.00    0.6    3.0  11:08    359
 26   72.5   94.6  15:38   54.8  07:15    0.0    7.5   0.00    0.9    4.0  14:01    268
 27   64.3   83.2  13:47   54.4  06:50    0.7    0.0   0.00    1.5    7.0  10:42    240
 28
 29
 30
---------------------------------------------------------------------------------------
      68.2   98.8     09   46.9     08    9.1   96.7   0.01    1.0    8.0     02    303